) to base 7
-1346412
What is -6613227 (base 8) in base 9?
-3305165
What is -1641211 (base 9) in base 15?
-13073a
Convert -223233102 (base 4) to base 10.
-179154
What is -41553 (base 13) in base 10?
-117354
What is -2004330 (base 6) in base 3?
-11210100200
-2033235 (base 7) to base 12
-b9006
3323243 (base 5) to base 2
1110001001011100
What is 2122322332 (base 4) in base 8?
2327276
13246100 (base 10) to base 13
298a23a
Convert -150616 (base 7) to base 9.
-43844
Convert 435783 (base 10) to base 13.
12347a
What is 4392b (base 13) in base 2?
11101111000011001
Convert -20110221 (base 6) to base 5.
-121202104
What is 189658 (base 14) in base 8?
3245276
Convert -455708 (base 9) to base 3.
-111212210022
4266356 (base 9) to base 16
22e918
Convert 4450082 (base 9) to base 3.
11111200002202
What is -8b9c1 (base 14) in base 5?
-41330240
Convert -520470 (base 12) to base 11.
-7a9457
Convert 594007 (base 11) to base 7.
11003251
Convert 4a7017 (base 13) to base 9.
3322155
What is -11100012220 (base 3) in base 6?
-1455340
What is 34b155 (base 12) in base 8?
3171421
2949d (base 16) to base 5
20402432
What is -4410441303 (base 5) in base 4?
-210013212220
Convert -1476431 (base 8) to base 9.
-717280
848794 (base 11) to base 16
14baea
What is -622615 (base 14) in base 7?
-40065325
Convert -21004210 (base 5) to base 12.
-83952
Convert 27c910 (base 13) to base 11.
6030a2
Convert 4d34c (base 16) to base 7.
2454654
Convert 46395 (base 10) to base 11.
31948
Convert 18630 (base 13) to base 11.
32500
-2a044 (base 11) to base 8
-123220
What is -2878198 (base 12) in base 10?
-8121860
13421021 (base 5) to base 13
4b2a7
Convert -110110001100010101110 (base 2) to base 6.
-102021130
Convert 11000011000100000111 (base 2) to base 7.
6535253
25726261 (base 9) to base 6
1131120131
5fb425 (base 16) to base 10
6272037
Convert -255ba83 (base 12) to base 3.
-111210221002000
Convert -682bd (base 14) to base 6.
-5231155
-12001122000020 (base 3) to base 5
-1142024122
-20035444 (base 7) to base 2
-110010100010110101000
Convert 2210063 (base 7) to base 15.
55608
2193b84 (base 12) to base 13
1437751
What is 7a01ba (base 14) in base 9?
7723670
63315 (base 9) to base 16
a352
1082bb (base 16) to base 6
35105243
6994a (base 11) to base 7
600240
a9137 (base 13) to base 10
305598
-6155401 (base 7) to base 13
-1ca38c
Convert d4a04 (base 15) to base 8.
2444127
22422033 (base 5) to base 16
3132e
11001101111001010 (base 2) to base 6
2132014
What is -413b70 (base 13) in base 11?
-94a786
What is 112014421 (base 5) in base 12?
202098
What is 1000110110111100101 (base 2) in base 13?
a2180
-22201001211202 (base 3) to base 9
-8631752
Convert 461652 (base 10) to base 7.
3631632
What is -2413795 (base 13) in base 12?
-38ab1a7
352a8a5 (base 11) to base 5
3034213423
What is -947a25 (base 12) in base 2?
-1000111010010011111101
What is 924434 (base 13) in base 2?
1101000000000110001010
What is -1202313330 (base 4) in base 15?
-7eee3
Convert -412243431 (base 5) to base 3.
-10011102001120
What is 225423 (base 6) in base 4?
10232313
Convert -4033343300 (base 5) to base 13.
-18aa7c3
What is -2b466b (base 12) in base 4?
-2303012303
Convert 102532134 (base 6) to base 13.
4b7888
What is -4ab727 (base 13) in base 6?
-102255325
What is -100200212211112 (base 3) in base 7?
-61546046
Convert -75dd0 (base 15) to base 11.
-2362a7
What is -15353 (base 8) in base 9?
-10406
Convert -1517432 (base 10) to base 16.
-172778
Convert -a77092 (base 11) to base 14.
-32b9b9
Convert -848c22 (base 13) to base 16.
-2f5ddc
Convert -4728837 (base 11) to base 4.
-133133101023
What is 11a2ba (base 13) in base 12?
18448b
What is 3a954b (base 12) in base 3?
1211021211212
What is -9ba3de (base 15) in base 6?
-423055032
What is 243bb24 (base 13) in base 5?
10340004104
17633 (base 11) to base 14
901a
Convert -202042124 (base 7) to base 4.
-230322310121
-49a658 (base 12) to base 4
-10211000210
6267366 (base 9) to base 11
198a053
2555917 (base 12) to base 9
14711481
Convert 4103a5 (base 15) to base 5.
1242321310
What is 1155022 (base 8) in base 13?
b1963
What is 35251215 (base 6) in base 5?
240023134
-574726 (base 8) to base 6
-4102530
What is -14e083 (base 15) in base 4?
-3312121200
Convert 121211212002 (base 3) to base 12.
13ba85
204340014 (base 5) to base 15
11d7c4
What is 34402323 (base 5) in base 7?
2426645
397a9 (base 14) to base 6
3010533
What is 12121200021012 (base 3) in base 11?
175a015
Convert -1010100100010100000 (base 2) to base 10.
-346272
1004014230 (base 5) to base 14
3a6dc3
-23635 (base 13) to base 6
-1215511
Convert 10011111100010101 (base 2) to base 9.
134041
-501995 (base 12) to base 13
-34895c
What is 107685 (base 11) in base 7?
1312042
7d1232 (base 15) to base 16
5b3616
-187518 (base 15) to base 12
-4941b8
Convert -2002101000 (base 3) to base 8.
-120206
What is -42590 (base 15) in base 10?
-210510
-111343120 (base 5) to base 9
-836254
20100411 (base 5) to base 6
3230201
What is 82a91 (base 11) in base 15?
25d35
What is -230102012 (base 6) in base 2?
-10000000011001010011000
-193139 (base 10) to base 3
-100210221022
Convert -135f7 (base 16) to base 7.
-450226
What is -ede7c (base 15) in base 8?
-2704264
-1751829 (base 11) to base 9
-5533157
221111102120 (base 3) to base 12
202520
Convert 2241256 (base 8) to base 5.
123410034
102200101112 (base 3) to base 7
1645214
Convert -3233325 (base 7) to base 15.
-7c059
What is 433140441 (base 5) in base 3?
10110222000212
2302531 (base 6) to base 5
12223041
-18aa0c0 (base 14) to base 13
-26c9012
What is 23410433 (base 5) in base 6?
4345412
-220000321 (base 4) to base 8
-500071
What is -11010000110001000 (base 2) in base 15?
-21a0d
Convert -60699 (base 11) to base 9.
-144573
Convert 1213344144 (base 6) to base 9.
28114341
Convert -23310211 (base 4) to base 12.
-24031
114400020 (base 7) to base 5
3311014212
Convert 141675 (base 9) to base 2.
10101001000110000
Convert -7681254 (base 10) to base 6.
-432345210
What is 219af (base 16) in base 10?
137647
What is 33320421 (base 5) in base 8?
1072222
What is 505436 (base 9) in base 14?
7b0ab
Convert -423050 (base 8) to base 2.
-100010011000101000
-3441146 (base 9) to base 6
-103452023
What is -311311111 (base 4) in base 12?
-a7731
-126273 (base 9) to base 16
-12be5
What is 2913097 (base 10) in base 13?
7acc35
What is 133122001 (base 4) in base 12?
62541
What is -10011221100112 (base 3) in base 11?
-a55971
Convert 13031332232 (base 4) to base 13.
5133b3
Convert -468528 (base 9) to base 4.
-1010303201
-1705140 (base 8) to base 2
-1111000101001100000
Convert -32303213 (base 4) to base 9.
-102165
18b9902 (base 12) to base 8
23726322
What is 121121002210 (base 4) in base 12?
228bb44
-616507 (base 9) to base 11
-22a791
-424838 (base 11) to base 5
-133223234
What is -11313221320 (base 4) in base 10?
-1538680
Convert a90895 (base 11) to base 13.
49068c
What is -5322153 (base 7) in base 4?
-2131102101
-168a28 (base 11) to base 8
-775261
What is -1101111000000110110 (base 2) in base 11?
-2906a3
What is -71741 (base 11) in base 7?
-614164
What is -33565235 (base 7) in base 5?
-1222030411
-712b (base 16) to base 4
-13010223
What is 427676 (base 13) in base 2?
101111100100100000000
Convert -1444111 (base 6) to base 16.
-1478b
What is -14111374 (base 8) in base 13?
-875c57
What is -244123111 (base 5) in base 12?
-47ba87
Convert 111101000001111010101 (base 2) to base 9.
3677222
140220412 (base 5) to base 10
710732
What is -4545324 (base 7) in base 4?
-2022031203
What is -1001121021210 (base 3) in base 2?
-10001001011100110110
Convert 346149 (base 10) to base 16.
54825
What is -251765 (base 11) in base 4?
-1201003310
What is -1203323030 (base 4) in base 15?
-81412
What is -17661b (base 16) in base 5?
-343032332
What is 19027 (base 13) in base 12?
23ba7
-11423001 (base 5) to base 16
-1a564
Convert 1b72460 (base 12) to base 6.
325511000
What is -11144002 (base 5) in base 8?
-303045
What is 55a8e (base 16) in base 12?
14b066
What is -7023445 (base 9) in base 12?
-1301a95
Convert -142139 (base 11) to base 4.
-312103220
Convert 2201111110110 (base 3) to base 6.
51001320
What is 74156450 (base 8) in base 15?
15bc1a6
-2579c6 (base 13) to base 15
-12c5d8
Convert -627442 (base 8) to base 15.
-41c69
-b11eb (base 15) to base 13
-168296
-123024320 (base 5) to base 10
-5955